 -5*z - 2*m, 3*z + 126 = -3*m. Let o(p) = -4*p - 161. Let q be o(z). Let k(n) = -9 + 2*n**2 - 14*n + 4*n - 3*n**2 - 1. Calculate k(q).
-1
Let z = 25713 + -25718. Let p(g) = g**2 - g + 11. Give p(z).
41
Let c(r) be the second derivative of r**4/24 + r**3 - 22*r**2 - 4*r + 4. Let f(n) be the first derivative of c(n). Let s = -8 - -2. Determine f(s).
0
Let w(h) be the third derivative of -1/360*h**6 + 0 + 3*h**2 + 0*h + 3/40*h**5 + 0*h**3 + 17/24*h**4. Let q(b) be the second derivative of w(b). Determine q(6).
-3
Let q(x) = x**3 - 11*x**2 + 8*x + 14. Let w be 6/15*((-70)/(-210) + (-74)/(-3)). Calculate q(w).
-6
Let s(z) = -z**2 + 3*z. Suppose 4*o + 72 = 10*o. Let u be o/21 + (-156)/(-21). Suppose 0 = -4*k - 16, 3*j - u = 2*j + k. What is s(j)?
-4
Let s(l) = -4*l**2 - 5*l - 4. Let d(p) = -1 + 4*p**2 - 2*p**2 - 2*p + p - 3*p**2. Let q(m) = -6*d(m) + s(m). Suppose -2 = x - 0. What is q(x)?
8
Let t be -1*4/10 + 289/85. Suppose -4*f = 9 + t. Let c(v) = 4*v - 2. Calculate c(f).
-14
Let m(v) be the second derivative of -2*v**2 - v - 1/20*v**5 + 1/2*v**3 + 0 + 5/12*v**4. Let n(i) = 55*i - 490. Let z be n(9). Give m(z).
11
Let d(y) = -y**3 - 11*y**2 - 13*y - 29. Let k be d(-10). Let r(f) = 21*f + 4. Let m(t) = -20*t - 3. Let a(x) = 3*m(x) + 2*r(x). Determine a(k).
-19
Let l(n) be the first derivative of -n**3/3 - 15*n**2/2 + 281*n - 13651. Determine l(11).
-5
Let t = -523 + 518. Let q(s) = -3*s**2 + 16*s + 4. Let a(f) = 2*f**2 - 9*f - 2. Let m(p) = t*a(p) - 3*q(p). Suppose 2 = -z - 0*z. Give m(z).
0
Let s(f) = -211*f**2 + 30 + 207*f**2 - 27*f - 27*f. Let x be s(-14). Let v(b) = -b**2 + 2*b - 3. What is v(x)?
-3
Let m(v) be the third derivative of -v**4/8 - v**3 + v**2. Let y be ((-80)/104)/5 + (-2331)/481. Give m(y).
9
Let w(k) be the second derivative of k**5/20 + 11*k**4/6 + 19*k**3/2 + 7*k**2 + 3457*k. Give w(-19).
14
Let i(g) = -2*g. Let d be 10*8 + (-4 - 15/(-5)). Let j = d + -85. What is i(j)?
12
Let p = -24591 + 24587. Let d(r) = r**3 + 2*r**2 - 13*r + 6. Calculate d(p).
26
Suppose -811*m + 817*m = 132. Let s be (4 - 3) + (-440)/m. Let n(b) = b + 24. Give n(s).
5
Let p(b) = 25 - 9966*b**2 + 4981*b**2 + 4992*b**2 + b**3 + 12*b. Give p(-6).
-11
Suppose 7*t + 35 = 2*t - 70. Let h(f) = -f**2 - 20*f + 11. Calculate h(t).
-10
Suppose -5*l - 15 = -90. Suppose -27*q + l + 12 = 0. Let x(d) = -32*d - 1. Determine x(q).
-33
Let s(l) = l**3 - 41*l**2 - 98*l + 521. Let c be s(43). Let a(x) = -x**2 + 22*x - 87. Determine a(c).
-2
Suppose -3*k + 14 = -19. Suppose -f = x + 3 - k, -f = -3. Suppose 5*w - m = -34, w - x*w - 28 = -m. Let h(n) = -n**2 - 7*n - 4. Determine h(w).
2
Let b be (-18)/(-10)*(97/30 + (-44)/(-440)). Let c(o) = 2*o**3 - 12*o**2 - 4*o - 3. Calculate c(b).
-27
Suppose -3*d - 1 = 4*c, 5*c = -d - 16 + 1. Let g(w) = 10*w + 34. Determine g(c).
-6
Let r(x) = 11*x**2 - 12*x - 8. Let d(h) = -h**3 + h**2 - h - 2. Let i(p) = -5*d(p) + r(p). Let q(l) = l**3 + l**2 - l - 1. Let s(t) = -i(t) + 6*q(t). Give s(0).
-8
Suppose 17*l + 309 - 343 = 0. Let k(y) = 6*y - 8. Determine k(l).
4
Suppose 6*h = 4*h - h + 12. Let u(l) = 2*l**3 - 15*l**2 + 29*l + 3. What is u(h)?
7
Let n(m) = m**2 - 52*m + 273. Let x be n(46). Let r(z) = -3*z**2 + 5*z + 7. Determine r(x).
-35
Let x = 8 - 47. Let r be (-9)/6 + x/(-6). Suppose 0*b = -r*b + 10. Let i(o) = o**3 - 3*o**2 + 2*o - 1. Give i(b).
-1
Let f(x) = 67*x - 216. Let o(q) = -9*q + 2. Let u(p) = -2*f(p) - 14*o(p). Determine u(53).
-20
Suppose 4*p = -3*z + 14, 5*z - z + 3*p - 14 = 0. Let g(w) = -4 + 94*w**3 + 2*w + w - 3*w**z - 52*w**3 - 43*w**3. Determine g(-4).
0
Let c(o) = o**2 - 3*o + 12. Let z be ((1 + -1)*144/(-1728))/(1*2). Determine c(z).
12
Let s(k) = -128*k + 5 - 1 - 118*k + 253*k. Calculate s(2).
18
Let m(a) = 80*a + a**2 - 23 + 119 - 61*a. Determine m(-8).
8
Let k(i) = 11*i**2 + 12*i - 15. Let t(v) = 14*v**2 + 14*v - 15. Let s(g) = -5*k(g) + 4*t(g). Determine s(6).
27
Let u(w) = -w**2 - 2*w + 61. Suppose -5*p + 29 = 3*d, 3*p + 36 - 67 = 5*d. Calculate u(p).
-2
Let t(n) be the first derivative of 228 + 1/4*n**4 + 2*n**3 - 6*n - 4*n**2. Calculate t(-6).
42
Let f be (32/(-12))/(4/(-12)). Let a(m) be the first derivative of 3/2*m**2 + 10 + f*m. Calculate a(-6).
-10
Let n(k) = -11*k + 75. Let b be n(7). Let c(p) be the second derivative of p**3 + p**2/2 - 56*p. What is c(b)?
-11
Let m(y) = 65*y + 147 + 91*y - 173*y. Determine m(9).
-6
Let h = -33 - -71. Let t = 62 - h. Suppose 2*z + 18 = t. Let j(g) = 2*g - 4. Give j(z).
2
Let q(i) = i**2 + 2*i + 2. Let v be q(-2). Let x(t) be the first derivative of -5*t**2 - 2*t - 16042. What is x(v)?
-22
Let u(x) = -7*x - 29. Let n = -32 + 27. Let z be u(n). Suppose -4*r - 14 = -z. Let b(i) = 4*i. Calculate b(r).
-8
Let j(k) = 4*k**2 - 43*k + 76. Let s be j(8). Let m(p) = p**2 + 7*p - 58. Determine m(s).
2
Let t(u) = 2*u**2 - 45*u + 29. Let x be t(22). Let c(j) be the first derivative of -j**4/4 + 7*j**3/3 - j**2 - 5*j + 57. Give c(x).
-19
Suppose -11*q + 23 = 100. Let g(r) = 7*r + 17. What is g(q)?
-32
Let i(x) = 3*x + 75. Suppose 233 + 110 = -11*l + 112. Calculate i(l).
12
Suppose 2*v + 1 + 4 = 3*s, -3*v + 2*s = 0. Suppose 2*a - 9 = -r - 3, 0 = -5*a - v*r + 13. Let u(x) = -x - 4 - a + 4 - 4. What is u(-4)?
-1
Suppose 0 = 5*j - b - 5, 3*j + b = 2 + 1. Let f be (0 - 3)/(-6)*j*6. Let h(g) = 2 - 2*g**3 + g + g**f + 5*g + 0*g**2 - 3*g**2. Give h(-4).
-6
Let t(d) = d**3 + 6*d**2 - 6*d + 9. Let s be t(-7). Let l(p) = 3 - s*p + 1 + p**2 - p - 5. Let a = -1792 - -1796. What is l(a)?
3
Let b(r) = 2*r**3 - 11*r**2 - 8*r + 5. Let q(k) = 19*k - 13. Suppose -3*d - 5*m = -2*d - 16, 2*m = 6. Let f be q(d). Give b(f).
-7
Let a(x) be the second derivative of 1/120*x**5 + 0 - 5/6*x**3 + 5/6*x**4 + 0*x**2 + 3*x. Let y(t) be the second derivative of a(t). Give y(0).
20
Let i be (-48)/20*420/(-112). Let s(a) = a + 13. Let w(u) = -2*u - 14. Let l(g) = -3*s(g) - 2*w(g). Calculate l(i).
-2
Let y(j) = -2*j**3 + 13*j**2 - 3*j - 16. Let h(b) = -42*b**2 - 91*b - 8. Let w be h(-2). Give y(w).
2
Let a(p) = -4*p + 10. Let x(j) = j - 3. Let s(d) = a(d) + 3*x(d). Give s(-4).
5
Let n = 1 + -5. Let m(y) = 2*y + 290 - 578 - 4*y + 287. Let w be m(n). Let p(v) = v - 3. Determine p(w).
4
Let u(p) = -3*p**2 - 20*p - 10. Let b be u(-6). Let z(t) = -3 - 9*t - 29*t + 31*t + t**b. Calculate z(5).
-13
Let c(i) be the third derivative of -i**6/120 + i**5/10 + 3*i**4/8 + 13*i**3/6 - 74*i**2 - 3*i + 9. Calculate c(7).
27
Let h(j) = -5 + 0 + 6 + 3*j - 11*j + 7*j. Let z be 2/3*210/4. Suppose -2*w = 3*w - z. What is h(w)?
-6
Let v(h) = 11*h. Let q(s) = -15*s - 6. Let x(n) = -2*q(n) - 3*v(n). Determine x(6).
-6
Let j(i) be the second derivative of -i**5/20 + 4*i**4/3 + 35*i**3/6 + 8*i**2 - 612*i. Give j(18).
-2
Let q(j) = 4*j - 5 + 0*j - 6*j + 0*j. Let l = 224 - 232. Determine q(l).
11
Let q(h) = -h**2 - 10*h - 17. Let t(x) = -3*x**2 - 7*x + 17. Let u be t(2). Let y be q(u). Let f(i) = -2*i - 20. Calculate f(y).
-4
Let v(k) = -2*k + 16. Suppose -3*f - 1 = 20. Let g be v(f). Suppose i + 4*m - 14 = 0, 14 = -4*i + 4*m - g. Let s(l) = l**3 + 5*l**2 - 4*l + 8. Calculate s(i).
-4
Suppose g - 138 = -2*v, g + 552 = 5*g + 2*v. Let w be 3*(g/18 - 5). Let p(o) = -o**3 + 9*o**2 - 7*o - 4. Calculate p(w).
4
Suppose 0 = -o - 2*o - 5*d + 11, o + 1 = 3*d. Let p(n) = 9*n**2 + 3*n**3 - 6*n**o + n - 2*n**3. Suppose 0*z = 3*z + 9. What is p(z)?
-3
Let i(u) = -u**2 + 4*u - 2. Let d be i(2). Let r(k) = -k + k**d + 3 - 6 + 0*k. Suppose -p + 5*o + 16 = 0, 2*p = 14*o - 12*o. Give r(p).
17
Let y(x) = -x**2 - x + 7. Let v(k) = -154*k - 82. Let j be v(-6). Suppose 847 = -s + j. Calculate y(s).
-13
Let x = -33 - -43. Let h be ((-216)/x)/((-3)/15). Let q(y) = -1 - 108*y**2 - 2*y + h*y**2 + 2*y**3. Calculate q(2).
11
Let n(l) = l**3 - 10*l**2 + 4*l + 8. Let m(k) = 4*k**2 - 19*k + 4. Let h be m(5). What is n(h)?
-37
Suppose -i - 2*i = 6. Let g = 17 + -9. Let y(d) = g + 2*d + 2 - 10. What is y(i)?
-4
Let j be ((-301)/903)/((-7)/(-63)*1). Let s(z) be the second derivative of -z**4/12 - 2*z**3/3 - z**2/2 - z. Calculate s(j).
2
Let h(w) be the first derivative of -w**4/4 + 4*w**3/3 + 2*w - 2. Suppose 207 = 5*y + 147. Suppose 0 = 5*r + 11*q - y*q - 19, -2*r + 5 = -3*q. Give h(r).
2
Let p(m) be the second derivative of m**5/10 + 3*m**4 + 32*m**3/3 - m**2 - 3250*m. Wha